ppose -3*m + k + 40 = -2*m, 2*m + 2*k = 72. Suppose -3*v = -4 - m. What is the remainder when 25 is divided by v?
11
What is the remainder when 92 is divided by (-65 + 3)*(-3)/6?
30
Let w be (2/(-1))/(0 - -2). Let a be w/((-2)/4) - -13. Calculate the remainder when 8 is divided by (-8)/(-3) + 5/a.
2
Let q = -6 - -4. Let a = q - -3. Let z = a + 0. Calculate the remainder when z is divided by 1.
0
Suppose 0 = -4*h + 14 + 26. Suppose h - 30 = -2*u. Let n = 30 + -12. Calculate the remainder when n is divided by u.
8
Let y = 84 + -40. Calculate the remainder when y is divided by 12.
8
Let i = -21 + 38. Let u(z) = -2*z - 1. Let k be u(-3). Suppose -k*p = -22 - 228. Calculate the remainder when p is divided by i.
16
Let u(f) = -f**2 - 7*f - 4. Let j be u(-6). Suppose -j*p = 2*p - 24. Calculate the remainder when (-2)/p - (-14)/6 is divided by 2.
0
Let g(u) = 2*u - 7. Suppose -2*a + 13 + 3 = 0. Calculate the remainder when g(a) is divided by 6.
3
Calculate the remainder when 109 is divided by (-6 - 8)*(-1 - 1).
25
Let u = -13 - -39. What is the remainder when u is divided by 9?
8
Let w(c) = -c - 3. Let j(f) = 1. Let y(q) = -3*j(q) + w(q). Calculate the remainder when 4 is divided by y(-9).
1
What is the remainder when 95 - 0 - (1 + -3) is divided by 20?
17
Let b = -10 - 7. Let v(y) = y**3 - y**2 - 5*y + 5. Let h be v(4). Let a = b + h. What is the remainder when a is divided by 9?
7
Let p(m) = -m**2 + 5*m + 2. Let k be p(5). Suppose k*x = -x + 15. What is the remainder when 8 is divided by x?
3
Suppose -45 = -8*p + 3*p. Calculate the remainder when 358/15 - (-8)/60 is divided by p.
6
Let q(o) = 2*o + 2. Let z = 177 - 124. What is the remainder when z is divided by q(6)?
11
Let f = -50 + 69. What is the remainder when 73 is divided by f?
16
Suppose -95 - 227 = -3*l - 4*c, -4*l + 2*c = -400. Calculate the remainder when l is divided by 27.
21
Let r = 40 + -19. Let o = 35 - r. Calculate the remainder when o is divided by 4.
2
Suppose 0 = 5*y - 52 + 17. Let u = 14 + y. Calculate the remainder when 61 is divided by u.
19
Let c(g) = g**3 - 2*g**2 + 2*g - 4. Let y(o) = -o - 5. Let v be y(4). What is the remainder when (-3)/v - (-124)/6 is divided by c(3)?
10
Let c = -53 - -110. Suppose 0 = -2*h - 2*h + 5*t + 85, -5*h + 3*t = -103. Calculate the remainder when c is divided by h.
17
Suppose 2*u + 1 = 4*l + 5*u, -3*l - 4*u = 8. Let f = 65 + -10. Suppose -3*j = 2*j - f. What is the remainder when j is divided by l?
3
Let i = 33 + 6. Suppose -3*h = 9*g - 6*g - 30, -g - 46 = -3*h. Calculate the remainder when i is divided by h.
11
Let x be 2*((-23)/2 - -2). Let a = x - -32. What is the remainder when (38 - 0) + 3/(-3) is divided by a?
11
Let q = 0 - 2. Let n be (-1 + 3)*q*1. What is the remainder when 22 is divided by 141/12 - 1/n?
10
Let g be (1 - -2) + (-4 - -7). Let o(n) = -n**3 + 5*n**2 + 7*n + 7. Calculate the remainder when 38 is divided by o(g).
12
Let n(b) be the third derivative of b**5/6 + b**4/12 + b**3/6 - 4*b**2. Calculate the remainder when 35 is divided by n(-1).
8
Let t be -2 - (-2 + 2 - -28). Let z = t + -9. Let a = 68 + z. What is the remainder when a is divided by 10?
9
Calculate the remainder when 1*6/(-5)*-85 is divided by 26.
24
Let w = 0 + 0. Let b(s) = -6*s - 15. Let h be b(-4). Calculate the remainder when 7 is divided by w*(-3)/h + 2.
1
Suppose -5*o = -11 - 49. What is the remainder when 35 is divided by o?
11
Calculate the remainder when 239 is divided by (-6)/((-12)/5)*4*2.
19
Let z = -2 - -41. What is the remainder when z is divided by 8?
7
Let y(g) = 3*g - 6. Let a be y(4). Calculate the remainder when 34 is divided by 81/a + 3/(-2).
10
Let r(y) = -119*y**3 - 2*y - 1. Calculate the remainder when r(-1) is divided by 41.
38
What is the remainder when 17 is divided by 30/4*30/25?
8
Let a be -2 + 0 + (-2 - -7). Suppose -a*m + 99 = -12. Calculate the remainder when m is divided by 13.
11
Suppose 0 = 6*r - r + 30. Let q be (r/(-4))/(1/2). Suppose q*j - 66 = -0*j. What is the remainder when j is divided by 8?
6
Let j(z) = 0*z**3 + 7*z**2 - z - 7*z + 4 - z**3. Let n be j(5). Suppose 4*q - n - 26 = 0. Calculate the remainder when 29 is divided by q.
9
Let o = -9 + 18. What is the remainder when 25 is divided by o?
7
Calculate the remainder when 105 is divided by 306/(-119)*(-2 + 2 + -14).
33
Let p be (3 + 3)/(4/(-6)). Let v(u) = -u**2 - 10*u + 12. Calculate the remainder when 41 is divided by v(p).
20
Let j be (-2)/7 - (-313)/(-7). What is the remainder when (-981)/j - (-2)/10 is divided by 8?
6
Let v = 14 - 10. Suppose 2*h - 22 = -3*x + 7*x, 5*h + 1 = -4*x. Calculate the remainder when v is divided by h.
1
Let p be 3*(2 - -1) - 1. Let h = p + 3. Calculate the remainder when 32 is divided by h.
10
Suppose -11 = n + 4*l - 1, 2*l = 3*n + 2. Let m be (-24)/n - (-2 + 3). Let w(d) = -d**3 + 11*d**2 + 2*d - 14. Calculate the remainder when w(m) is divided by 5.
3
Suppose 0 = -2*h + 11 + 21. Suppose -6 = -0*k - k. What is the remainder when h is divided by k?
4
Let h(s) = -3 + 2*s**3 + s - 2*s + 11 - 3*s**3 - 9*s**2. Let r = 12 - 3. What is the remainder when h(-9) is divided by r?
8
Suppose k = 5*k - 20. Suppose k*q - 80 = q. What is the remainder when q is divided by 7?
6
Suppose 4*t + 10 = 6*t. Suppose 0*s - t*s = -105. Calculate the remainder when s is divided by 8.
5
Let r = -1 + 3. Suppose -3*w = w - r*n, -4*n + 12 = -2*w. Suppose 84 = d + w*d. Calculate the remainder when d is divided by 10.
8
Let m be (-3)/(-1)*10/(-15). Suppose 32 + 130 = 4*g + 2*p, -3*g = p - 120. What is the remainder when g is divided by (-41)/(-2) - m/(-4)?
19
Calculate the remainder when (-2 + 0 - 2)*10/(-4) is divided by 6.
4
Let o(d) = 4*d**2 + d + 6. Let n be o(6). Suppose -n = t - 5*t. Calculate the remainder when t is divided by 14.
11
Suppose 0 = j - 14 + 6. What is the remainder when ((-6)/(-15))/((-4)/(-140)) is divided by j?
6
Let j(h) = h - 8. Suppose 14 = -0*u + 2*u. Calculate the remainder when u is divided by j(12).
3
Let k be (-2)/((-6)/(-45) + 0). Let j = k + 21. What is the remainder when -2 + j + 1 + 0 is divided by 3?
2
Suppose 3 - 1 = -k. Let l be 4*2/(-4)*k. Suppose l*s - b = s + 34, 53 = 5*s + 2*b. Calculate the remainder when 32 is divided by s.
10
Suppose -21 = -5*t - 6. Let h = t + 8. Calculate the remainder when 21 is divided by h.
10
Let l = 16 + 65. What is the remainder when l is divided by 17?
13
Suppose 0*k + 2*k - 20 = 0. Suppose 0 = -5*t - 2*r + 19 + 3, 3*t = 5*r + 7. What is the remainder when k is divided by t?
2
Suppose 5*f = -5*l + 75, l + f - 3 = 3*f. Calculate the remainder when l is divided by 6.
5
Suppose -7*r + 72 = -3*r - 4*w, 2*r = -2*w + 24. Suppose -2*n + 5*u = 29 - 87, -n + r = u. What is the remainder when n is divided by 10?
9
Calculate the remainder when 53 is divided by -3 + 1/(-2)*-14.
1
Let i(k) = k + 2. Let b be i(-6). Let l = 129 + -77. Calculate the remainder when l is divided by (-2)/b + (-70)/(-4).
16
Suppose 2*g - 4*b - b - 46 = 0, -19 = -3*g - 5*b. What is the remainder when 35 is divided by g?
9
Let o = -6 - -10. Suppose -130 = -o*j + 2*j. What is the remainder when j is divided by 22?
21
Let q(r) = r**2 + 2*r - 8. What is the remainder when 52 is divided by q(-7)?
25
Let l(z) = 8*z**3 - 27*z**3 - z - 1 - 4*z**3. What is the remainder when l(-1) is divided by -3*(-4)/6*4?
7
Let o = 12 - -6. What is the remainder when 33 is divided by o?
15
Let h(u) = u + 4. Let g(x) = -x**3 + x**2 + 3. Let y be g(0). Suppose 5*d = 4*d + 19. What is the remainder when d is divided by h(y)?
5
Let k be 0/7 - (1 + -1). Suppose k*p - 6 = -2*p. Suppose r = p*r - 38. Calculate the remainder when r is divided by 7.
5
Let z = -36 + 50. Let t be (-7)/(-5) - (-10)/(-25). Let a(w) = 25*w**2 + 1. What is the remainder when a(t) is divided by z?
12
Calculate the remainder when 91 is divided by (-3)/(6/(-62)) + 0.
29
Let p = 16 + -9. What is the remainder when 12 is divided by p?
5
Let n = -21 - -38. What is the remainder when n is divided by 5?
2
Suppose 2*p + 35 = 7*p + 5*u, -5*p + 15 = -5*u. Suppose 5*n - 251 = 3*v, p*n + 3*v - 275 = -36. Calculate the remainder when n is divided by 17.
15
Suppose 3*o - 21 = -3*d, -7*o + 3*o + 2*d - 2 = 0. Let i be (-2 + 8)*(1 - o). What is the remainder when 6 is divided by i/(-4)*(-16)/(-6)?
2
Let 